alculate the highest common divisor of p and 153.
153
Suppose 5*p + 4712 = h, -5*h + 3*h + 9372 = 3*p. Suppose 2*f + 15*f = h. Calculate the highest common divisor of 12 and f.
12
Let n(v) = -v**3 - 59*v**2 + 183*v - 53. Let p be n(-62). What is the highest common divisor of p and 28?
7
Suppose -5*y + 0*y + 655 = 4*r, 2*y = -3*r + 269. Let a = y + -125. Calculate the greatest common divisor of a and 52.
2
Suppose h - 6*h = -20. Suppose -2*f + 38*u = 37*u - 25, -5*u = 2*f - 19. Let m be (f*(-1)/2)/(3/(-34)). What is the highest common factor of h and m?
4
Let a be -4 + (-45)/(-6) - 21/(-14). Suppose -274 = -a*f + 386. Calculate the highest common factor of 24 and f.
12
Let d(x) = 520*x**2 - 13*x + 26. Let g be d(2). Suppose 9*l - g = -2*b + 4*l, -3*l + 3111 = 3*b. What is the greatest common factor of 45 and b?
45
Let i(z) = z**2 + 17*z - 23. Let p(v) = -6*v**2 - 85*v + 114. Let s(y) = -11*i(y) - 2*p(y). Let f be s(-10). What is the greatest common factor of 59 and f?
59
Suppose -5*l = 4*t - 59, 161*l - 5*t - 50 = 159*l. What is the greatest common factor of l and 290?
5
Let j(f) = -24*f + 4. Let t(v) = 12*v - 2. Let x(y) = -6*j(y) - 13*t(y). Let i be x(-4). Calculate the greatest common factor of 80 and i.
10
Let k = 7156 + -6955. What is the greatest common divisor of 9447 and k?
201
Suppose 12*r - 15*r + 3*p = -153, 0 = -5*r - p + 255. What is the highest common divisor of r and 120?
3
Let h = 141 + -141. Suppose 0 = -h*z - 4*z - 3*w + 38, -5*z = w - 42. What is the greatest common divisor of z and 10?
2
Suppose -136 = 138*x - 141*x - 5*i, 38 = x - 2*i. Let s be 1*(-2)/4*-2. Let a be x - (s + -1 + -3). What is the highest common factor of a and 18?
9
Suppose -448 = -4*f - 5*t, -5*f - 3*t + 496 + 64 = 0. Calculate the highest common factor of 2928 and f.
16
Let u(x) = -11*x - 13. Let f be ((-8)/(-12))/1*18/3. Let w be u(f). Let h = w - -103. What is the greatest common factor of 23 and h?
23
Let n(d) = 2*d**2 + 34*d + 144. Let y be n(-22). What is the greatest common divisor of y and 2275?
91
Let o(v) = -14 + 7*v + 10*v + 7*v**2 - 4*v + 35. Let h be o(-6). Calculate the highest common factor of h and 52.
13
Let f = 25982 + -25935. Calculate the highest common divisor of f and 13583.
47
Let c be ((-63)/(-12))/((-2)/8)*29382/(-581). What is the greatest common divisor of c and 63?
9
Let h(o) = -o**3 + 7*o**2 - 9*o + 22. Let p be h(-8). Calculate the greatest common factor of 124 and p.
62
Let t(s) = -20*s**3 + 4*s**2 - 11. Let d be t(-4). What is the greatest common divisor of 172 and d?
43
Suppose -215*w = -183*w - 17248. What is the highest common divisor of w and 455?
7
Let p(o) = -o**2 + 15*o + 384. Let c be p(27). Suppose -u = -5 - 13. Let r be 428/u + (-4)/(-18). Calculate the greatest common divisor of c and r.
12
Suppose 5*t - p = 51, 2*t - p - 30 = p. What is the highest common factor of 747 and t?
9
Let v(b) = b**3 + 8*b**2 + 7*b - 10. Let z be v(-7). Let w be z/2*(0 - 3). Let n = 116 + -71. Calculate the highest common divisor of w and n.
15
Let o = -4196 - -4396. Calculate the greatest common factor of o and 3550.
50
Suppose -3565 = 394*l - 15579 - 87274. Suppose 0 = x + 4*d, 2*d - 7*d = 3*x - 14. Suppose 28 = b - x. What is the highest common factor of l and b?
36
Let n = -18490 - -18532. What is the highest common factor of n and 1036?
14
Let m be (7/((-21)/381))/1. Let a = 155 + m. What is the greatest common factor of a and 140?
28
Suppose 4*p + 5*d = p + 507, 507 = 3*p + 3*d. Suppose 741 = 18*t + t. What is the greatest common divisor of p and t?
13
Let b(p) be the third derivative of p**5/12 + p**4/3 + 2*p**2 + 19*p. Let s be b(2). Calculate the highest common divisor of 72 and s.
36
Suppose -12 = -106*h + 103*h. Suppose 2 = b + 4, 5*p + h*b = 117. What is the greatest common divisor of p and 175?
25
Suppose 0 = -2*l - 2*w + 10, 0 = -6*l + 5*w + 46 + 17. Calculate the highest common factor of 364 and l.
4
Suppose 4*k + 192 = 92. Let f(h) = -6*h - 119. Let n be f(k). Calculate the greatest common divisor of n and 1.
1
Let c = 1334 - 2132. Let q be (c/15)/(6/(-75)). What is the greatest common divisor of q and 35?
35
Suppose -15*l - 1761 + 4911 + 5265 = 0. What is the highest common factor of 204 and l?
51
Let k = -5813 + 8589. What is the greatest common factor of 8 and k?
8
Suppose -11 = -4*q + 3*q. Suppose -576 = 5*a - 2*x, 6*a = 2*a - 2*x - 468. Let j = 160 + a. Calculate the highest common divisor of q and j.
11
Suppose 5*y - 47 = -4*u, -10*y + 7*y - 5*u = -36. Suppose -5*k + y*k - 64 = 0. Suppose -256 = 6*q - 7*q. What is the highest common divisor of q and k?
32
Let s = 566 - -489. Let b = s + -687. What is the greatest common divisor of b and 23?
23
Let u = 560 + -284. Let z = u + -240. Calculate the greatest common factor of z and 234.
18
Let k(o) = -45*o - 39. Let r be (-19)/9 - 2/(-18). Let p be k(r). What is the highest common divisor of p and 17?
17
Let u = -900 + 912. Calculate the highest common divisor of u and 28.
4
Let h = 11631 - 11391. Calculate the greatest common factor of h and 54.
6
Let a = 438 - 438. Suppose 0*m - 16*m + 800 = a. What is the greatest common factor of m and 30?
10
Suppose -9 = 3*g, 0 = 4*a + 2*g - 3*g - 503. Let m(w) = w**2 + 56*w - 1015. Let o be m(-71). What is the highest common divisor of a and o?
25
Let f(m) = -288*m + 2058. Let a be f(7). Calculate the highest common factor of 266 and a.
14
Let v(m) = m**3 - 31*m**2 + 30*m + 80. Let y be v(30). What is the greatest common factor of 660 and y?
20
Let t(m) = 46*m - 85. Let v be t(20). Calculate the greatest common divisor of v and 167.
167
Let p(y) = -2*y - 1. Let v be p(-3). Let t(u) = u**2 + 66*u + 1074. Let x be t(-28). What is the highest common divisor of x and v?
5
Suppose n + 0*t + 10 = 2*t, t = -3*n + 5. Suppose -2*i - 6*i + 2736 = n. Calculate the highest common factor of i and 38.
38
Let p be ((-77)/(-28) + -5)*(5 - (-4458)/(-18)). What is the highest common factor of p and 312?
78
Let k(a) = a**2 - 26*a + 140. Let j be k(19). Let w be 8*j/168*43*6. What is the highest common factor of 688 and w?
86
Let g(l) = 7*l**2 + 49*l - 165. Let r be g(3). What is the greatest common factor of r and 117?
9
Suppose 6*r = 4*r + 200. Let j = -30 + 15. Let y = j - -35. What is the greatest common divisor of r and y?
20
Let p = -5 - -19. Suppose 1411 = -14*l + 2075 + 512. Calculate the greatest common factor of l and p.
14
Suppose -140*v + 199 = -66 - 435. Calculate the highest common factor of v and 821.
1
Let z(u) = -u**3 - 4*u**2 - 7. Let p be z(-5). Suppose -22*h + 24 = -p*h. Suppose -3*q + 66 = -h. Calculate the greatest common divisor of 8 and q.
8
Let x = 219984 + -219974. Suppose 3*l - 144 = -39. Calculate the highest common divisor of l and x.
5
Let i be (0 - 1 - -1) + 5 + -3. Suppose w + 20 + 143 = 5*q, -2*w = -i*q + 70. Suppose -o + 7*o - 192 = 0. Calculate the greatest common divisor of o and q.
32
Suppose 4*l = 5*g + 1894, 39*g + 2363 = 5*l + 35*g. Calculate the greatest common factor of 9 and l.
3
Let g be (27 - 32)*1328/(-40). What is the greatest common factor of g and 19671?
83
Suppose -2*q = -37 + 31. Suppose 13*u + q*v - 19 = 12*u, -u = -3*v - 7. What is the greatest common divisor of u and 611?
13
Let t be 328/32 - 2/8. Suppose 0 = -q + t + 14. Let a be 4 - (1 - (2 + 1)). Calculate the greatest common factor of a and q.
6
Let q = 21 + -1. Let i(y) = 19*y - 46*y + 24 + 26*y. Let a be i(q). Calculate the greatest common factor of a and 20.
4
Suppose 0 = 5*y - 5*v - 490, -2*y - 3*y = 5*v - 500. Suppose -27 + y = 4*s. Let x(f) = 2*f - 66. Let r be x(36). Calculate the highest common factor of r and s.
6
Suppose 0 = 7*c - 2*c - 350. Suppose 3*v - 5*h = 529, -3*v + 0*v - 3*h = -489. Suppose 149*d - 145*d = v. What is the greatest common divisor of d and c?
14
Let x(u) = u**2 + 211*u + 6215. Let v be x(-35). What is the greatest common divisor of 2398 and v?
11
Suppose 0 = 3*v - 5*h + 6*h + 856, -4*h = -4*v - 1136. Let x = v + 510. Calculate the greatest common factor of x and 45.
45
Let m(q) = 23*q**2 - 44*q - 46*q - 38 + 17*q**2 + 2*q**3 + 85*q. Let j be m(-20). Calculate the highest common divisor of 434 and j.
62
Let y = 414 + -208. Let p = y + -80. What is the highest common divisor of 18 and p?
18
Let l(v) = 259*v - 